{"id":125620,"date":"2021-12-03T14:51:04","date_gmt":"2021-12-03T12:51:04","guid":{"rendered":"https:\/\/jean-monnet-saar.eu\/?page_id=125620"},"modified":"2022-06-14T12:00:02","modified_gmt":"2022-06-14T11:00:02","slug":"ende-gut-alles-gut-europaeische-kommission-stellt-vertragsverletzungsverfahren-gegen-deutschland-wegen-des-karlsruher-pspp-urteils-ein","status":"publish","type":"page","link":"https:\/\/jean-monnet-saar.eu\/?page_id=125620","title":{"rendered":"Ende gut, alles gut? \u2013 Europ\u00e4ische Kommission stellt Vertragsverletzungsverfahren gegen Deutschland wegen des Karlsruher PSPP-Urteils ein"},"content":{"rendered":"\n<p>03.12.2021<\/p>\n\n\n\n<p>Ein Beitrag von Thomas Giegerich<\/p>\n\n\n\n<p>Am 2.12.2021 beschloss die Europ\u00e4ische Kommission, ein politisch hoch aufgeladenes Vertragsverletzungsverfahren nach Art. 258 AEUV gegen Deutschland einzustellen. Das Verfahren war von der Kommission im Juni 2021 im Hinblick auf das Urteil des Bundesverfassungsgerichts (BVerfG) vom 5. Mai 2020 zum Staatsanleihen-Ankaufprogramm der Europ\u00e4ischen Zentralbank (PSPP) eingeleitet worden. In diesem Urteil setzte sich das BVerfG \u00fcber ein Urteil des Gerichtshofs der Europ\u00e4ischen Union hinweg, das die Vereinbarkeit des PSPP mit dem prim\u00e4ren Unionsrecht best\u00e4tigt und das das BVerfG gem\u00e4\u00df Art. 267 (3) AEUV selbst eingeholt hatte. Das BVerfG bezeichnete das EuGH-Urteil als v\u00f6llig unverst\u00e4ndlich und willk\u00fcrlich und damit als einen nicht bindenden Ultra-vires-Akt. Das deutsche Gericht zog nicht einmal in Erw\u00e4gung, ein weiteres Vorabentscheidungsersuchen zu stellen, um den EuGH in die Lage zu versetzen, die angebliche L\u00fccke in seiner Argumentation zu schlie\u00dfen, die das BVerfG so gest\u00f6rt hatte.<a href=\"applewebdata:\/\/C27C1AE3-24B3-428F-AC0B-74226B9FC652#_ftn1\"><sup>[1]<\/sup><\/a><\/p>\n\n\n\n<p>In ihrer Presseerkl\u00e4rung gab die Kommission drei Gr\u00fcnde f\u00fcr die Einstellung des Vertragsverletzungsverfahrens an: &#8222;Erstens hat Deutschland in seiner Antwort auf das Mahnschreiben sehr starke Verpflichtungen \u00fcbernommen. Insbesondere hat Deutschland f\u00f6rmlich erkl\u00e4rt, dass es die Grunds\u00e4tze der Autonomie, des Vorrangs, der Wirksamkeit und der einheitlichen Anwendung des Unionsrechts sowie die in Art. 2 EUV niedergelegten Werte, darunter insbesondere die Rechtsstaatlichkeit, bekr\u00e4ftigt und anerkennt. Zweitens erkennt Deutschland ausdr\u00fccklich die Autorit\u00e4t des Gerichtshofs der Europ\u00e4ischen Union an, dessen Entscheidungen endg\u00fcltig und verbindlich sind. Es ist ferner der Auffassung, dass die Rechtm\u00e4\u00dfigkeit von Handlungen der Unionsorgane nicht Gegenstand von Verfassungsbeschwerden vor deutschen Gerichten sein, sondern nur durch den Gerichtshof \u00fcberpr\u00fcft werden k\u00f6nnen. Drittens verpflichtet sich die Bundesregierung unter ausdr\u00fccklicher Bezugnahme auf ihre in den Vertr\u00e4gen verankerte Pflicht zur loyalen Zusammenarbeit, alle ihr zur Verf\u00fcgung stehenden Mittel einzusetzen, um eine Wiederholung einer &#8218;ultra vires&#8216;-Entscheidung in Zukunft zu vermeiden, und in dieser Hinsicht eine aktive Rolle zu \u00fcbernehmen.&#8220;<a href=\"applewebdata:\/\/C27C1AE3-24B3-428F-AC0B-74226B9FC652#_ftn2\"><sup>[2]<\/sup><\/a><\/p>\n\n\n\n<p>Die wiedergegebene Reaktion der Bundesregierung ist nichts weniger als eine vollst\u00e4ndige Desavouierung des PSPP-Urteils, und dies zu Recht. Die Formulierung des dritten Grundes zeigt jedoch deutlich das Offensichtliche \u2013 dass die M\u00f6glichkeiten der Bundesregierung, die seit langem fehlgeleitete Rechtsprechung des BVerfG in EU-Angelegenheiten zu z\u00fcgeln, begrenzt sind. Andererseits hat die letzte Entscheidung des BVerfG im PSPP-Verfahren \u2013 der Beschluss vom 29. April 2021, mit dem Antr\u00e4ge auf Vollstreckung des PSPP-Urteils abgelehnt wurden \u2013 schon etwas nicht minder Offensichtliches angedeutet: dass die Befugnisse des BVerfG in einem auf Gewaltenteilung basierenden Verfassungssystem ihrerseits nicht unbegrenzt sind und nur so weit reichen, wie seine Begr\u00fcndungen die anderen Gewalten zu \u00fcberzeugen verm\u00f6gen. Indem es sich getrieben von deutschen Europaskeptikern die Rolle des obersten Schiedsrichters im europ\u00e4ischen Integrationsprozess angema\u00dft hat, ist das BVerfG schlicht zu weit gegangen.<\/p>\n\n\n\n<p>Das Ende dieser v\u00f6llig \u00fcberfl\u00fcssigen Karlsruher Eskapade ist zwar nicht wirklich gut, aber die bestm\u00f6gliche Schadensbegrenzung. Fortan sollte das BVerfG sich darauf konzentrieren, gemeinsam mit dem EuGH und dem Europ\u00e4ischen Gerichtshof f\u00fcr Menschenrechte das Europa&nbsp;der Rechtsstaatlichkeit vor autokratischen Angriffen von innen und au\u00dfen zu sch\u00fctzen.<\/p>\n\n\n\n<p><\/p>\n\n\n\n<hr class=\"wp-block-separator\"\/>\n\n\n\n<p><a href=\"applewebdata:\/\/C27C1AE3-24B3-428F-AC0B-74226B9FC652#_ftnref1\"><sup>[1]<\/sup><\/a>&nbsp;Thomas Giegerich, Das PSPP-Urteil des BVerfG und seine diversen Nachspiele, Saar Expert Paper vom 14.6.2021 (<a href=\"https:\/\/jean-monnet-saar.eu\/wp-content\/uploads\/2021\/06\/Nachspiele_PSPP_Urteil.pdf\" target=\"_blank\" rel=\"noreferrer noopener\">https:\/\/jean-monnet-saar.eu\/wp-content\/uploads\/2021\/06\/Nachspiele_PSPP_Urteil.pdf<\/a>).<\/p>\n\n\n\n<p><a href=\"applewebdata:\/\/C27C1AE3-24B3-428F-AC0B-74226B9FC652#_ftnref2\"><sup>[2]<\/sup><\/a>https:\/\/ec.europa.eu\/commission\/presscorner\/detail\/en\/inf_21_6201?fbclid=IwAR1w6wbHhdcA5vxlqXTohUjxcgF7mJbpSBxTXjxaNWXpMJ0MIzb9Zyuwv7I (3.12.2021) \u2013 \u00dcbersetzung des Verfassers.<\/p>\n\n\n\n<p><\/p>\n\n\n\n<p><strong>Suggested Citation:\u00a0<\/strong><em>Giegerich, Thomas<\/em>, Ende gut, alles gut?\u00a0: Europ\u00e4ische Kommission stellt Vertragsverletzungsverfahren gegen Deutschland wegen des Karlsruher PSPP-Urteils ein, jean-monnet-saar 03.12.2021, DOI:\u00a0<a href=\"https:\/\/doi.org\/10.17176\/20220228-160224-0\"><a href=\"https:\/\/doi.org\/10.17176\/20220308-095054-0\">10.17176\/20220308-095054-0<\/a><\/a>.<\/p>\n","protected":false},"excerpt":{"rendered":"<p>03.12.2021 Ein Beitrag von Thomas Giegerich Am 2.12.2021 beschloss die Europ\u00e4ische Kommission, ein politisch hoch aufgeladenes Vertragsverletzungsverfahren nach Art. 258 AEUV gegen Deutschland einzustellen. Das<\/p>\n","protected":false},"author":16,"featured_media":0,"parent":0,"menu_order":0,"comment_status":"closed","ping_status":"closed","template":"","meta":{"footnotes":""},"class_list":["post-125620","page","type-page","status-publish","hentry"],"_links":{"self":[{"href":"https:\/\/jean-monnet-saar.eu\/index.php?rest_route=\/wp\/v2\/pages\/125620","targetHints":{"allow":["GET"]}}],"collection":[{"href":"https:\/\/jean-monnet-saar.eu\/index.php?rest_route=\/wp\/v2\/pages"}],"about":[{"href":"https:\/\/jean-monnet-saar.eu\/index.php?rest_route=\/wp\/v2\/types\/page"}],"author":[{"embeddable":true,"href":"https:\/\/jean-monnet-saar.eu\/index.php?rest_route=\/wp\/v2\/users\/16"}],"replies":[{"embeddable":true,"href":"https:\/\/jean-monnet-saar.eu\/index.php?rest_route=%2Fwp%2Fv2%2Fcomments&post=125620"}],"version-history":[{"count":0,"href":"https:\/\/jean-monnet-saar.eu\/index.php?rest_route=\/wp\/v2\/pages\/125620\/revisions"}],"wp:attachment":[{"href":"https:\/\/jean-monnet-saar.eu\/index.php?rest_route=%2Fwp%2Fv2%2Fmedia&parent=125620"}],"curies":[{"name":"wp","href":"https:\/\/api.w.org\/{rel}","templated":true}]}}

Ende gut, alles gut? – Europäische Kommission stellt Vertragsverletzungsverfahren gegen Deutschland wegen des Karlsruher PSPP-Urteils ein

<p>03.12.2021</p>



<p>Ein Beitrag von Thomas Giegerich</p>



<p>Am 2.12.2021 beschloss die Europäische Kommission, ein politisch hoch aufgeladenes Vertragsverletzungsverfahren nach Art. 258 AEUV gegen Deutschland einzustellen. Das Verfahren war von der Kommission im Juni 2021 im Hinblick auf das Urteil des Bundesverfassungsgerichts (BVerfG) vom 5. Mai 2020 zum Staatsanleihen-Ankaufprogramm der Europäischen Zentralbank (PSPP) eingeleitet worden. In diesem Urteil setzte sich das BVerfG über ein Urteil des Gerichtshofs der Europäischen Union hinweg, das die Vereinbarkeit des PSPP mit dem primären Unionsrecht bestätigt und das das BVerfG gemäß Art. 267 (3) AEUV selbst eingeholt hatte. Das BVerfG bezeichnete das EuGH-Urteil als völlig unverständlich und willkürlich und damit als einen nicht bindenden Ultra-vires-Akt. Das deutsche Gericht zog nicht einmal in Erwägung, ein weiteres Vorabentscheidungsersuchen zu stellen, um den EuGH in die Lage zu versetzen, die angebliche Lücke in seiner Argumentation zu schließen, die das BVerfG so gestört hatte.<a href="applewebdata://C27C1AE3-24B3-428F-AC0B-74226B9FC652#_ftn1"><sup>[1]</sup></a></p>



<p>In ihrer Presseerklärung gab die Kommission drei Gründe für die Einstellung des Vertragsverletzungsverfahrens an: &#8222;Erstens hat Deutschland in seiner Antwort auf das Mahnschreiben sehr starke Verpflichtungen übernommen. Insbesondere hat Deutschland förmlich erklärt, dass es die Grundsätze der Autonomie, des Vorrangs, der Wirksamkeit und der einheitlichen Anwendung des Unionsrechts sowie die in Art. 2 EUV niedergelegten Werte, darunter insbesondere die Rechtsstaatlichkeit, bekräftigt und anerkennt. Zweitens erkennt Deutschland ausdrücklich die Autorität des Gerichtshofs der Europäischen Union an, dessen Entscheidungen endgültig und verbindlich sind. Es ist ferner der Auffassung, dass die Rechtmäßigkeit von Handlungen der Unionsorgane nicht Gegenstand von Verfassungsbeschwerden vor deutschen Gerichten sein, sondern nur durch den Gerichtshof überprüft werden können. Drittens verpflichtet sich die Bundesregierung unter ausdrücklicher Bezugnahme auf ihre in den Verträgen verankerte Pflicht zur loyalen Zusammenarbeit, alle ihr zur Verfügung stehenden Mittel einzusetzen, um eine Wiederholung einer &#8218;ultra vires&#8216;-Entscheidung in Zukunft zu vermeiden, und in dieser Hinsicht eine aktive Rolle zu übernehmen.&#8220;<a href="applewebdata://C27C1AE3-24B3-428F-AC0B-74226B9FC652#_ftn2"><sup>[2]</sup></a></p>



<p>Die wiedergegebene Reaktion der Bundesregierung ist nichts weniger als eine vollständige Desavouierung des PSPP-Urteils, und dies zu Recht. Die Formulierung des dritten Grundes zeigt jedoch deutlich das Offensichtliche – dass die Möglichkeiten der Bundesregierung, die seit langem fehlgeleitete Rechtsprechung des BVerfG in EU-Angelegenheiten zu zügeln, begrenzt sind. Andererseits hat die letzte Entscheidung des BVerfG im PSPP-Verfahren – der Beschluss vom 29. April 2021, mit dem Anträge auf Vollstreckung des PSPP-Urteils abgelehnt wurden – schon etwas nicht minder Offensichtliches angedeutet: dass die Befugnisse des BVerfG in einem auf Gewaltenteilung basierenden Verfassungssystem ihrerseits nicht unbegrenzt sind und nur so weit reichen, wie seine Begründungen die anderen Gewalten zu überzeugen vermögen. Indem es sich getrieben von deutschen Europaskeptikern die Rolle des obersten Schiedsrichters im europäischen Integrationsprozess angemaßt hat, ist das BVerfG schlicht zu weit gegangen.</p>



<p>Das Ende dieser völlig überflüssigen Karlsruher Eskapade ist zwar nicht wirklich gut, aber die bestmögliche Schadensbegrenzung. Fortan sollte das BVerfG sich darauf konzentrieren, gemeinsam mit dem EuGH und dem Europäischen Gerichtshof für Menschenrechte das Europa&nbsp;der Rechtsstaatlichkeit vor autokratischen Angriffen von innen und außen zu schützen.</p>



<p></p>



<hr class="wp-block-separator"/>



<p><a href="applewebdata://C27C1AE3-24B3-428F-AC0B-74226B9FC652#_ftnref1"><sup>[1]</sup></a>&nbsp;Thomas Giegerich, Das PSPP-Urteil des BVerfG und seine diversen Nachspiele, Saar Expert Paper vom 14.6.2021 (<a href="https://jean-monnet-saar.eu/wp-content/uploads/2021/06/Nachspiele_PSPP_Urteil.pdf" target="_blank" rel="noreferrer noopener">https://jean-monnet-saar.eu/wp-content/uploads/2021/06/Nachspiele_PSPP_Urteil.pdf</a>).</p>



<p><a href="applewebdata://C27C1AE3-24B3-428F-AC0B-74226B9FC652#_ftnref2"><sup>[2]</sup></a>https://ec.europa.eu/commission/presscorner/detail/en/inf_21_6201?fbclid=IwAR1w6wbHhdcA5vxlqXTohUjxcgF7mJbpSBxTXjxaNWXpMJ0MIzb9Zyuwv7I (3.12.2021) – Übersetzung des Verfassers.</p>



<p></p>



<p><strong>Suggested Citation: </strong><em>Giegerich, Thomas</em>, Ende gut, alles gut? : Europäische Kommission stellt Vertragsverletzungsverfahren gegen Deutschland wegen des Karlsruher PSPP-Urteils ein, jean-monnet-saar 03.12.2021, DOI: <a href="https://doi.org/10.17176/20220228-160224-0"><a href="https://doi.org/10.17176/20220308-095054-0">10.17176/20220308-095054-0</a></a>.</p>

<p>03.12.2021 Ein Beitrag von Thomas Giegerich Am 2.12.2021 beschloss die Europäische Kommission, ein politisch hoch aufgeladenes Vertragsverletzungsverfahren nach Art. 258 AEUV gegen Deutschland einzustellen. Das</p>
