{"id":277527,"date":"2023-11-03T11:39:13","date_gmt":"2023-11-03T10:39:13","guid":{"rendered":"https:\/\/jean-monnet-saar.eu\/?page_id=277527"},"modified":"2023-11-03T11:39:14","modified_gmt":"2023-11-03T10:39:14","slug":"2021-2","status":"publish","type":"page","link":"https:\/\/jean-monnet-saar.eu\/?page_id=277527","title":{"rendered":"2021"},"content":{"rendered":"\n<ul class=\"wp-block-list\">\n<li><a href=\"https:\/\/jean-monnet-saar.eu\/?page_id=125620\">Prof. Dr. Thomas Giegerich &#8211; <span style=\"font-size: Revert;\">Ende gut, alles gut? \u2013 Europ\u00e4ische Kommission stellt Vertragsverletzungsverfahren gegen Deutschland wegen des Karlsruher PSPP-Urteils ein (12\/21)<\/span><\/a><\/li>\n\n\n\n<li><a href=\"https:\/\/jean-monnet-saar.eu\/?page_id=125638\">Prof. Dr. Thomas Giegerich &#8211; <span style=\"font-size: Revert;\">All\u2019s well that ends well? \u2013 European Commission closes infringement procedure against Germany on PSPP judgment of the Federal Constitutional Court (12\/21)<\/span><\/a><\/li>\n\n\n\n<li><a href=\"https:\/\/jean-monnet-saar.eu\/?page_id=118422\">Karoline Dolgowski &#8211; Polen in der Sackgasse (11\/21)<\/a><\/li>\n\n\n\n<li>Online Symposium: Human Rights during the Pandemic\n<ul class=\"wp-block-list\">\n<li><a href=\"https:\/\/jean-monnet-saar.eu\/?page_id=104917\">Karoline Dolgowski &#8211; \u201eDas Virus ist kein Studienanf\u00e4nger mehr\u201c \u2013 Rechtfertigt der Wunsch nach R\u00fcckkehr zum Pr\u00e4senzbetrieb an den Universit\u00e4ten eine Impfpflicht? Teil II (10\/21)<\/a><\/li>\n\n\n\n<li><a href=\"https:\/\/jean-monnet-saar.eu\/?page_id=103910\">Karoline Dolgowski &#8211; \u201eDas Virus ist kein Studienanf\u00e4nger mehr\u201c \u2013 Rechtfertigt der Wunsch nach R\u00fcckkehr zum Pr\u00e4senzbetrieb an den Universit\u00e4ten eine Impfpflicht? Teil I (10\/21)<\/a><\/li>\n\n\n\n<li><a href=\"https:\/\/jean-monnet-saar.eu\/?page_id=103231\">Julia Jungfleisch &#8211;&nbsp;A quick reminder of the Convention on the Rights of the Child and its application during the pandemic in Germany (09\/21)<\/a><\/li>\n\n\n\n<li><a href=\"https:\/\/jean-monnet-saar.eu\/?page_id=102519\">Dr. Gentjan Skara and Dr. Bojana Hajdini &#8211; The Right to Freedom of Peaceful Assembly during the COVID-19 pandemic in the light of the Albanian Constitutional Court\u2019s Decision 11\/2021 and the ECHR (09\/21)<\/a><\/li>\n\n\n\n<li><a href=\"https:\/\/jean-monnet-saar.eu\/?page_id=101545\">Katharina Koch &#8211;&nbsp;Lockdown measures as detention? \u2013 The case Terhe\u015f c La Roumanie (09\/21)<\/a><\/li>\n\n\n\n<li><a href=\"https:\/\/jean-monnet-saar.eu\/?page_id=100913\">Dr. Alexandre Guerreiro &#8211; Can the refusal of a government to adapt expert ideas in their COVID-19 framework reach the status of crime against humanity? (09\/21)<\/a><\/li>\n\n\n\n<li><a href=\"https:\/\/jean-monnet-saar.eu\/?page_id=100285\"><span lang=\"EN-US\"><span lang=\"EN-US\">Michelle Ariana Ospina Giraldo &#8211;&nbsp;<\/span><\/span>Privacy and the COVID-19 pandemic (09\/21)<\/a><\/li>\n\n\n\n<li><a href=\"https:\/\/jean-monnet-saar.eu\/?page_id=99221\">Expert Interview with Lara Schmidt &#8211;&nbsp;COVID-19 and the Rights of People with Rare Diseases in the EU (09\/21)<\/a><\/li>\n\n\n\n<li><a href=\"https:\/\/jean-monnet-saar.eu\/?page_id=98448\">Florian Zenner &#8211;&nbsp;\u201cFair and Equitable Sharing of Benefits\u201d \u2013 also in Vaccine Development? (09\/21)<\/a><\/li>\n\n\n\n<li><a href=\"https:\/\/jean-monnet-saar.eu\/?page_id=97721\">Paul K\u00f6nig and Anna Kohte &#8211; No Equity in Sight? (09\/21)<\/a><\/li>\n\n\n\n<li><a href=\"https:\/\/jean-monnet-saar.eu\/?page_id=96624\">Introduction by Prof. Dr. Thomas Giegerich &#8211; Enter the UN Security Council as Supporting Actor (09\/21)<\/a><\/li>\n<\/ul>\n<\/li>\n\n\n\n<li><a href=\"https:\/\/jean-monnet-saar.eu\/?page_id=88778\">Christina Backes und Julia Jungfleisch &#8211; Das Gleichbehandlungsgebot und private Vereine &#8211; Neues aus Memmingen (08\/21)<\/a><\/li>\n\n\n\n<li><a href=\"https:\/\/jean-monnet-saar.eu\/?page_id=75224\">Prof. Dr. Thomas Giegerich &#8211; Die unendliche Geschichte der europ\u00e4ischen Patentreform scheint zu einem guten Ende zu kommen (07\/21)<\/a><\/li>\n\n\n\n<li><a href=\"https:\/\/jean-monnet-saar.eu\/?page_id=71405\">Karoline Dolgowski und Dennis Traudt &#8211;&nbsp;Katz\u2018 und Maus? \u2013 Die \u201cNichtbestehens-Ausweisung\u201d im Lichte neuester EuGH Rechtsprechung (06\/21)<\/a><\/li>\n\n\n\n<li><a href=\"https:\/\/jean-monnet-saar.eu\/?page_id=61634\">Dr. Hava Yurttag\u00fcl &#8211; LuxLeaks Whistleblower Not Protected by Article 10 ECHR &#8211; Case Analysis of &#8222;Halet v. Luxembourg&#8220; (ECtHR, Appl. no. 21884\/18) (06\/21)<\/a><\/li>\n\n\n\n<li><a href=\"https:\/\/jean-monnet-saar.eu\/?p=65207\">Expert Interview with Dr. Oskar J. Gstrein &#8211; The EU Digital Covid Certificate: A useful tool to fight the pandemic and protect human rights? (06\/21)<\/a><\/li>\n\n\n\n<li><a href=\"https:\/\/jean-monnet-saar.eu\/?page_id=52941\">Laura Katharina Woll &#8211; Jean Monnet: geistiger Urheber des Schuman-Plans und Wegbereiter der europ\u00e4ischen Einigung (05\/21)<\/a><\/li>\n\n\n\n<li>Online-Symposium: Gender Equality and Gender Quotas for Political Participation in Europe\n<ul class=\"wp-block-list\">\n<li><a href=\"https:\/\/jean-monnet-saar.eu\/?page_id=51353\">Prof. Dr. Thomas Giegerich &#8211; An introduction (05\/21)<\/a><\/li>\n\n\n\n<li><a href=\"https:\/\/jean-monnet-saar.eu\/?page_id=51361\">Prof. Dr. Philippe Cossalter &#8211; The case of France (05\/21)<\/a><\/li>\n\n\n\n<li><a href=\"https:\/\/jean-monnet-saar.eu\/?page_id=51375\">Prof. Dr. Maria Jansson &#8211; Gender quotas and women\u2019s political agency in Sweden (05\/21)<\/a><\/li>\n\n\n\n<li><a href=\"https:\/\/jean-monnet-saar.eu\/?page_id=52507\">Prof. Dr. Thomas Giegerich &#8211; Women&#8217;s Right to Equal Political Participation and Gender Parity in Parliaments &#8211; Is Germany Falling Behind? (05\/21)<\/a><\/li>\n<\/ul>\n<\/li>\n\n\n\n<li><a href=\"https:\/\/jean-monnet-saar.eu\/?page_id=48957\">Anna Kohte &#8211; Procedural reforms in Strasbourg: From individual to systemic justice? (04\/21)<\/a><\/li>\n\n\n\n<li><a href=\"https:\/\/jean-monnet-saar.eu\/?page_id=31242\">Katharina Koch &#8211; Update zum Lieferkettengesetz: Regierungsentwurf im Bundeskabinett verabschiedet (03\/21)<\/a><\/li>\n\n\n\n<li><a href=\"https:\/\/jean-monnet-saar.eu\/?page_id=30476\">Katharina Koch &#8211; Der Entwurf f\u00fcr ein deutsches Lieferkettengesetz &#8211; ein &#8222;Gesetz mit Z\u00e4hnen&#8220; oder doch nur ein zahnloser Tiger? (03\/21)<\/a><\/li>\n\n\n\n<li><a href=\"https:\/\/jean-monnet-saar.eu\/?page_id=3144\">Prof. Dr. Thomas Giegerich &#8211; Karlsruhe verz\u00f6gert europ\u00e4ische Patentreform noch weiter: Zur Integrationsverantwortung des Bundesverfassungsgerichts (01\/21)<\/a><\/li>\n\n\n\n<li><a href=\"https:\/\/jean-monnet-saar.eu\/?page_id=3130\">Prof. Dr. Thomas Giegerich &#8211; My &#8218;State of the European Union&#8216; Overview for the Class of 2021 &#8211; Sequel (01\/21)<\/a><\/li>\n\n\n\n<li><a href=\"https:\/\/jean-monnet-saar.eu\/?page_id=3110\">Laura Katharina Woll &#8211; Neues zum Recht auf Selbstbestimmung am Lebensende: \u00d6sterreichischer Verfassungsgerichtshof kippt Verbot der Hilfe zur Selbstt\u00f6tung (01\/21)<\/a><\/li>\n<\/ul>\n","protected":false},"excerpt":{"rendered":"","protected":false},"author":18,"featured_media":0,"parent":0,"menu_order":0,"comment_status":"closed","ping_status":"closed","template":"","meta":{"footnotes":""},"class_list":["post-277527","page","type-page","status-publish","hentry"],"_links":{"self":[{"href":"https:\/\/jean-monnet-saar.eu\/index.php?rest_route=\/wp\/v2\/pages\/277527","targetHints":{"allow":["GET"]}}],"collection":[{"href":"https:\/\/jean-monnet-saar.eu\/index.php?rest_route=\/wp\/v2\/pages"}],"about":[{"href":"https:\/\/jean-monnet-saar.eu\/index.php?rest_route=\/wp\/v2\/types\/page"}],"author":[{"embeddable":true,"href":"https:\/\/jean-monnet-saar.eu\/index.php?rest_route=\/wp\/v2\/users\/18"}],"replies":[{"embeddable":true,"href":"https:\/\/jean-monnet-saar.eu\/index.php?rest_route=%2Fwp%2Fv2%2Fcomments&post=277527"}],"version-history":[{"count":0,"href":"https:\/\/jean-monnet-saar.eu\/index.php?rest_route=\/wp\/v2\/pages\/277527\/revisions"}],"wp:attachment":[{"href":"https:\/\/jean-monnet-saar.eu\/index.php?rest_route=%2Fwp%2Fv2%2Fmedia&parent=277527"}],"curies":[{"name":"wp","href":"https:\/\/api.w.org\/{rel}","templated":true}]}}

<ul class="wp-block-list">
<li><a href="https://jean-monnet-saar.eu/?page_id=125620">Prof. Dr. Thomas Giegerich &#8211; <span style="font-size: Revert;">Ende gut, alles gut? – Europäische Kommission stellt Vertragsverletzungsverfahren gegen Deutschland wegen des Karlsruher PSPP-Urteils ein (12/21)</span></a></li>



<li><a href="https://jean-monnet-saar.eu/?page_id=125638">Prof. Dr. Thomas Giegerich &#8211; <span style="font-size: Revert;">All’s well that ends well? – European Commission closes infringement procedure against Germany on PSPP judgment of the Federal Constitutional Court (12/21)</span></a></li>



<li><a href="https://jean-monnet-saar.eu/?page_id=118422">Karoline Dolgowski &#8211; Polen in der Sackgasse (11/21)</a></li>



<li>Online Symposium: Human Rights during the Pandemic
<ul class="wp-block-list">
<li><a href="https://jean-monnet-saar.eu/?page_id=104917">Karoline Dolgowski &#8211; „Das Virus ist kein Studienanfänger mehr“ – Rechtfertigt der Wunsch nach Rückkehr zum Präsenzbetrieb an den Universitäten eine Impfpflicht? Teil II (10/21)</a></li>



<li><a href="https://jean-monnet-saar.eu/?page_id=103910">Karoline Dolgowski &#8211; „Das Virus ist kein Studienanfänger mehr“ – Rechtfertigt der Wunsch nach Rückkehr zum Präsenzbetrieb an den Universitäten eine Impfpflicht? Teil I (10/21)</a></li>



<li><a href="https://jean-monnet-saar.eu/?page_id=103231">Julia Jungfleisch &#8211;&nbsp;A quick reminder of the Convention on the Rights of the Child and its application during the pandemic in Germany (09/21)</a></li>



<li><a href="https://jean-monnet-saar.eu/?page_id=102519">Dr. Gentjan Skara and Dr. Bojana Hajdini &#8211; The Right to Freedom of Peaceful Assembly during the COVID-19 pandemic in the light of the Albanian Constitutional Court’s Decision 11/2021 and the ECHR (09/21)</a></li>



<li><a href="https://jean-monnet-saar.eu/?page_id=101545">Katharina Koch &#8211;&nbsp;Lockdown measures as detention? – The case Terheş c La Roumanie (09/21)</a></li>



<li><a href="https://jean-monnet-saar.eu/?page_id=100913">Dr. Alexandre Guerreiro &#8211; Can the refusal of a government to adapt expert ideas in their COVID-19 framework reach the status of crime against humanity? (09/21)</a></li>



<li><a href="https://jean-monnet-saar.eu/?page_id=100285"><span lang="EN-US"><span lang="EN-US">Michelle Ariana Ospina Giraldo &#8211;&nbsp;</span></span>Privacy and the COVID-19 pandemic (09/21)</a></li>



<li><a href="https://jean-monnet-saar.eu/?page_id=99221">Expert Interview with Lara Schmidt &#8211;&nbsp;COVID-19 and the Rights of People with Rare Diseases in the EU (09/21)</a></li>



<li><a href="https://jean-monnet-saar.eu/?page_id=98448">Florian Zenner &#8211;&nbsp;“Fair and Equitable Sharing of Benefits” – also in Vaccine Development? (09/21)</a></li>



<li><a href="https://jean-monnet-saar.eu/?page_id=97721">Paul König and Anna Kohte &#8211; No Equity in Sight? (09/21)</a></li>



<li><a href="https://jean-monnet-saar.eu/?page_id=96624">Introduction by Prof. Dr. Thomas Giegerich &#8211; Enter the UN Security Council as Supporting Actor (09/21)</a></li>
</ul>
</li>



<li><a href="https://jean-monnet-saar.eu/?page_id=88778">Christina Backes und Julia Jungfleisch &#8211; Das Gleichbehandlungsgebot und private Vereine &#8211; Neues aus Memmingen (08/21)</a></li>



<li><a href="https://jean-monnet-saar.eu/?page_id=75224">Prof. Dr. Thomas Giegerich &#8211; Die unendliche Geschichte der europäischen Patentreform scheint zu einem guten Ende zu kommen (07/21)</a></li>



<li><a href="https://jean-monnet-saar.eu/?page_id=71405">Karoline Dolgowski und Dennis Traudt &#8211;&nbsp;Katz‘ und Maus? – Die “Nichtbestehens-Ausweisung” im Lichte neuester EuGH Rechtsprechung (06/21)</a></li>



<li><a href="https://jean-monnet-saar.eu/?page_id=61634">Dr. Hava Yurttagül &#8211; LuxLeaks Whistleblower Not Protected by Article 10 ECHR &#8211; Case Analysis of &#8222;Halet v. Luxembourg&#8220; (ECtHR, Appl. no. 21884/18) (06/21)</a></li>



<li><a href="https://jean-monnet-saar.eu/?p=65207">Expert Interview with Dr. Oskar J. Gstrein &#8211; The EU Digital Covid Certificate: A useful tool to fight the pandemic and protect human rights? (06/21)</a></li>



<li><a href="https://jean-monnet-saar.eu/?page_id=52941">Laura Katharina Woll &#8211; Jean Monnet: geistiger Urheber des Schuman-Plans und Wegbereiter der europäischen Einigung (05/21)</a></li>



<li>Online-Symposium: Gender Equality and Gender Quotas for Political Participation in Europe
<ul class="wp-block-list">
<li><a href="https://jean-monnet-saar.eu/?page_id=51353">Prof. Dr. Thomas Giegerich &#8211; An introduction (05/21)</a></li>



<li><a href="https://jean-monnet-saar.eu/?page_id=51361">Prof. Dr. Philippe Cossalter &#8211; The case of France (05/21)</a></li>



<li><a href="https://jean-monnet-saar.eu/?page_id=51375">Prof. Dr. Maria Jansson &#8211; Gender quotas and women’s political agency in Sweden (05/21)</a></li>



<li><a href="https://jean-monnet-saar.eu/?page_id=52507">Prof. Dr. Thomas Giegerich &#8211; Women&#8217;s Right to Equal Political Participation and Gender Parity in Parliaments &#8211; Is Germany Falling Behind? (05/21)</a></li>
</ul>
</li>



<li><a href="https://jean-monnet-saar.eu/?page_id=48957">Anna Kohte &#8211; Procedural reforms in Strasbourg: From individual to systemic justice? (04/21)</a></li>



<li><a href="https://jean-monnet-saar.eu/?page_id=31242">Katharina Koch &#8211; Update zum Lieferkettengesetz: Regierungsentwurf im Bundeskabinett verabschiedet (03/21)</a></li>



<li><a href="https://jean-monnet-saar.eu/?page_id=30476">Katharina Koch &#8211; Der Entwurf für ein deutsches Lieferkettengesetz &#8211; ein &#8222;Gesetz mit Zähnen&#8220; oder doch nur ein zahnloser Tiger? (03/21)</a></li>



<li><a href="https://jean-monnet-saar.eu/?page_id=3144">Prof. Dr. Thomas Giegerich &#8211; Karlsruhe verzögert europäische Patentreform noch weiter: Zur Integrationsverantwortung des Bundesverfassungsgerichts (01/21)</a></li>



<li><a href="https://jean-monnet-saar.eu/?page_id=3130">Prof. Dr. Thomas Giegerich &#8211; My &#8218;State of the European Union&#8216; Overview for the Class of 2021 &#8211; Sequel (01/21)</a></li>



<li><a href="https://jean-monnet-saar.eu/?page_id=3110">Laura Katharina Woll &#8211; Neues zum Recht auf Selbstbestimmung am Lebensende: Österreichischer Verfassungsgerichtshof kippt Verbot der Hilfe zur Selbsttötung (01/21)</a></li>
</ul>
