{"id":277534,"date":"2023-11-03T11:40:41","date_gmt":"2023-11-03T10:40:41","guid":{"rendered":"https:\/\/jean-monnet-saar.eu\/?page_id=277534"},"modified":"2023-11-03T11:40:41","modified_gmt":"2023-11-03T10:40:41","slug":"2020-2","status":"publish","type":"page","link":"https:\/\/jean-monnet-saar.eu\/?page_id=277534","title":{"rendered":"2020"},"content":{"rendered":"\n<ul class=\"wp-block-list\">\n<li><a href=\"https:\/\/jean-monnet-saar.eu\/?page_id=3079\">Prof. Dr. Thomas Giegerich &#8211; &#8222;Aus dem Rahmen fallende Vorgehensweise&#8220;: Generalanwalt Tanchev verwirft die Ultra-Vires-Doktrin im PSPP-Urteil des BVerfG (12\/20)<\/a><\/li>\n\n\n\n<li><a href=\"https:\/\/jean-monnet-saar.eu\/?page_id=2956\">Prof. Dr. Thomas Giegerich &#8211; Faktische Auslandsreiseverbote in der Pandemie: Eine europarechtliche Erg\u00e4nzung zum Beschluss des OVG Nordrhein-Westfalen vom 20.11.2020 (11\/20)<\/a><\/li>\n\n\n\n<li><a href=\"https:\/\/jean-monnet-saar.eu\/?page_id=2929\">Dennis Traudt &#8211; Update zum EuGH-Urteil C-66\/18 (11\/20)<\/a><\/li>\n\n\n\n<li><a href=\"https:\/\/jean-monnet-saar.eu\/?page_id=2875\">Christina Backes und Julia Jungfleisch &#8211; Von Fischern, K\u00f6nigen und Prinzessinen &#8211; das M\u00e4rchen von der fehlenden Grundrechtsbindung privater Vereine (10\/20)<\/a><\/li>\n\n\n\n<li><a href=\"https:\/\/jean-monnet-saar.eu\/?page_id=2848\">Laura Katharina Woll &#8211; Vorratsdatenspeicherung <em>reloaded<\/em>? Die EuGH-Urteile vom 6. Oktober 2020 im \u00dcberblick: Ein grunds\u00e4tzliches Verbot mit weitreichenden Ausnahmen (10\/20)<\/a><\/li>\n\n\n\n<li><a href=\"https:\/\/jean-monnet-saar.eu\/?page_id=2832\">Dennis Traudt &#8211; Ein spezifisches Verst\u00e4ndnis von Treu und Glauben: Brexit Update 3.0 (10\/20)<\/a><\/li>\n\n\n\n<li><a href=\"https:\/\/jean-monnet-saar.eu\/?page_id=2818\">Katharina Koch &#8211; Die franz\u00f6sische Loi de vigilance als Beispiel f\u00fcr ein deutsches bzw. europ\u00e4isches Lieferkettengesetz? (10\/20)<\/a><\/li>\n\n\n\n<li><a href=\"https:\/\/jean-monnet-saar.eu\/?page_id=2803\">Prof. Dr. Thomas Giegerich &#8211; &#8222;State of the European Union&#8220; &#8211; Overview for the Class of 2021 of the Europa-Institut (09\/20)<\/a><\/li>\n\n\n\n<li><a href=\"https:\/\/jean-monnet-saar.eu\/?page_id=2726\">Prof. Dr. Thomas Giegerich &#8211; Neues zum \u00dcbereinkommen vom 19.2.2013 \u00fcber ein Einheitliches Patentgericht (07\/20) <\/a><\/li>\n\n\n\n<li><a href=\"https:\/\/jean-monnet-saar.eu\/?page_id=2642\">Prof. Dr. Thomas Giegerich &#8211; Mit der Axt an die Wurzel der Union des Rechts: Vier Fragen an das Bundesverfassungsgericht zum 70. Europa-Tag (05\/20)<\/a><\/li>\n\n\n\n<li><a href=\"https:\/\/jean-monnet-saar.eu\/?page_id=2613\">Julia Jungfleisch &#8211; Der Europ\u00e4ische Gerichtshof&#8230;f\u00fcr Menschenrechte? Anmerkung zu den Schlussantr\u00e4gen des Generalanwalts Pikam\u00e4e in den verb. Rs. C-924\/19 PPU und C-925\/19 PPU vom 23. April 2020 (05\/20)<\/a><\/li>\n\n\n\n<li><a href=\"https:\/\/jean-monnet-saar.eu\/?page_id=2539\">Annika Blaschke &#8211; Flatten the curve! Doch mit welchen Mitteln? &#8211; Handy-Ortung w\u00e4hrend der Corona-Krise (04\/20)<\/a><\/li>\n\n\n\n<li><a href=\"https:\/\/jean-monnet-saar.eu\/?page_id=2498\">Prof. Dr. Dagmar Richter &#8211; Das Corona-Erm\u00e4chtigungsgesetz &#8211; ein schlechtes Beispiel f\u00fcr Europa? (04\/20)<\/a><\/li>\n\n\n\n<li><a href=\"https:\/\/jean-monnet-saar.eu\/?page_id=2490\">Dennis Traudt &#8211; Der EuGH als regionaler Ersatz f\u00fcr den Appellate Body der WTO? Ein Kommentar zu den Schlussantr\u00e4gen von GA Kokott in der Rs. C-66\/18 zur Central European University (04\/20)<\/a><\/li>\n\n\n\n<li><a href=\"https:\/\/jean-monnet-saar.eu\/?page_id=2481\">Asra Ak und Laura Katharina Woll &#8211; Heiligt der Zweck die Mittel? Generalanwalt Campos S\u00e1nchez-Bordona fordert weiterhin enge Grenzen f\u00fcr die Vorratsdatenspeicherung (04\/20)<\/a><\/li>\n\n\n\n<li><a href=\"https:\/\/jean-monnet-saar.eu\/?page_id=2467\">Laura Katharina Woll &#8211; Sterben d\u00fcrfen und sterben lassen? Ein Update zum Recht auf selbstbestimmtes Sterben nach der Entscheidung des Bundesverfassungsgerichts zu \u00a7 217 StGB (03\/20)<\/a><\/li>\n\n\n\n<li><a href=\"https:\/\/jean-monnet-saar.eu\/?page_id=2451\">Christina Backes und Julia Jungfleisch &#8211; Ach w\u00e4r ich nur ein ein&#8217;zges Mal ein schmucker Prinz im Karneval &#8211; zugleich ein Beitrag zur Gleichbehandlungspflicht privater Vereine (01\/20)<\/a><\/li>\n<\/ul>\n","protected":false},"excerpt":{"rendered":"","protected":false},"author":18,"featured_media":0,"parent":0,"menu_order":0,"comment_status":"closed","ping_status":"closed","template":"","meta":{"footnotes":""},"class_list":["post-277534","page","type-page","status-publish","hentry"],"_links":{"self":[{"href":"https:\/\/jean-monnet-saar.eu\/index.php?rest_route=\/wp\/v2\/pages\/277534","targetHints":{"allow":["GET"]}}],"collection":[{"href":"https:\/\/jean-monnet-saar.eu\/index.php?rest_route=\/wp\/v2\/pages"}],"about":[{"href":"https:\/\/jean-monnet-saar.eu\/index.php?rest_route=\/wp\/v2\/types\/page"}],"author":[{"embeddable":true,"href":"https:\/\/jean-monnet-saar.eu\/index.php?rest_route=\/wp\/v2\/users\/18"}],"replies":[{"embeddable":true,"href":"https:\/\/jean-monnet-saar.eu\/index.php?rest_route=%2Fwp%2Fv2%2Fcomments&post=277534"}],"version-history":[{"count":0,"href":"https:\/\/jean-monnet-saar.eu\/index.php?rest_route=\/wp\/v2\/pages\/277534\/revisions"}],"wp:attachment":[{"href":"https:\/\/jean-monnet-saar.eu\/index.php?rest_route=%2Fwp%2Fv2%2Fmedia&parent=277534"}],"curies":[{"name":"wp","href":"https:\/\/api.w.org\/{rel}","templated":true}]}}

<ul class="wp-block-list">
<li><a href="https://jean-monnet-saar.eu/?page_id=3079">Prof. Dr. Thomas Giegerich &#8211; &#8222;Aus dem Rahmen fallende Vorgehensweise&#8220;: Generalanwalt Tanchev verwirft die Ultra-Vires-Doktrin im PSPP-Urteil des BVerfG (12/20)</a></li>



<li><a href="https://jean-monnet-saar.eu/?page_id=2956">Prof. Dr. Thomas Giegerich &#8211; Faktische Auslandsreiseverbote in der Pandemie: Eine europarechtliche Ergänzung zum Beschluss des OVG Nordrhein-Westfalen vom 20.11.2020 (11/20)</a></li>



<li><a href="https://jean-monnet-saar.eu/?page_id=2929">Dennis Traudt &#8211; Update zum EuGH-Urteil C-66/18 (11/20)</a></li>



<li><a href="https://jean-monnet-saar.eu/?page_id=2875">Christina Backes und Julia Jungfleisch &#8211; Von Fischern, Königen und Prinzessinen &#8211; das Märchen von der fehlenden Grundrechtsbindung privater Vereine (10/20)</a></li>



<li><a href="https://jean-monnet-saar.eu/?page_id=2848">Laura Katharina Woll &#8211; Vorratsdatenspeicherung <em>reloaded</em>? Die EuGH-Urteile vom 6. Oktober 2020 im Überblick: Ein grundsätzliches Verbot mit weitreichenden Ausnahmen (10/20)</a></li>



<li><a href="https://jean-monnet-saar.eu/?page_id=2832">Dennis Traudt &#8211; Ein spezifisches Verständnis von Treu und Glauben: Brexit Update 3.0 (10/20)</a></li>



<li><a href="https://jean-monnet-saar.eu/?page_id=2818">Katharina Koch &#8211; Die französische Loi de vigilance als Beispiel für ein deutsches bzw. europäisches Lieferkettengesetz? (10/20)</a></li>



<li><a href="https://jean-monnet-saar.eu/?page_id=2803">Prof. Dr. Thomas Giegerich &#8211; &#8222;State of the European Union&#8220; &#8211; Overview for the Class of 2021 of the Europa-Institut (09/20)</a></li>



<li><a href="https://jean-monnet-saar.eu/?page_id=2726">Prof. Dr. Thomas Giegerich &#8211; Neues zum Übereinkommen vom 19.2.2013 über ein Einheitliches Patentgericht (07/20) </a></li>



<li><a href="https://jean-monnet-saar.eu/?page_id=2642">Prof. Dr. Thomas Giegerich &#8211; Mit der Axt an die Wurzel der Union des Rechts: Vier Fragen an das Bundesverfassungsgericht zum 70. Europa-Tag (05/20)</a></li>



<li><a href="https://jean-monnet-saar.eu/?page_id=2613">Julia Jungfleisch &#8211; Der Europäische Gerichtshof&#8230;für Menschenrechte? Anmerkung zu den Schlussanträgen des Generalanwalts Pikamäe in den verb. Rs. C-924/19 PPU und C-925/19 PPU vom 23. April 2020 (05/20)</a></li>



<li><a href="https://jean-monnet-saar.eu/?page_id=2539">Annika Blaschke &#8211; Flatten the curve! Doch mit welchen Mitteln? &#8211; Handy-Ortung während der Corona-Krise (04/20)</a></li>



<li><a href="https://jean-monnet-saar.eu/?page_id=2498">Prof. Dr. Dagmar Richter &#8211; Das Corona-Ermächtigungsgesetz &#8211; ein schlechtes Beispiel für Europa? (04/20)</a></li>



<li><a href="https://jean-monnet-saar.eu/?page_id=2490">Dennis Traudt &#8211; Der EuGH als regionaler Ersatz für den Appellate Body der WTO? Ein Kommentar zu den Schlussanträgen von GA Kokott in der Rs. C-66/18 zur Central European University (04/20)</a></li>



<li><a href="https://jean-monnet-saar.eu/?page_id=2481">Asra Ak und Laura Katharina Woll &#8211; Heiligt der Zweck die Mittel? Generalanwalt Campos Sánchez-Bordona fordert weiterhin enge Grenzen für die Vorratsdatenspeicherung (04/20)</a></li>



<li><a href="https://jean-monnet-saar.eu/?page_id=2467">Laura Katharina Woll &#8211; Sterben dürfen und sterben lassen? Ein Update zum Recht auf selbstbestimmtes Sterben nach der Entscheidung des Bundesverfassungsgerichts zu § 217 StGB (03/20)</a></li>



<li><a href="https://jean-monnet-saar.eu/?page_id=2451">Christina Backes und Julia Jungfleisch &#8211; Ach wär ich nur ein ein&#8217;zges Mal ein schmucker Prinz im Karneval &#8211; zugleich ein Beitrag zur Gleichbehandlungspflicht privater Vereine (01/20)</a></li>
</ul>
