{"id":67,"date":"2013-12-04T15:57:07","date_gmt":"2013-12-04T13:57:07","guid":{"rendered":"http:\/\/134.96.123.52\/?page_id=67"},"modified":"2025-10-13T08:50:12","modified_gmt":"2025-10-13T07:50:12","slug":"sb-green-papers","status":"publish","type":"page","link":"https:\/\/jean-monnet-saar.eu\/?page_id=67","title":{"rendered":"Saar Blueprints"},"content":{"rendered":"\n<p>Bei den Blueprints handelt es sich um eine E-Paper-Serie, welche sich in erster Linie an den wissenschaftlichen Nachwuchs richtet, die Texte zur Entwicklung der Europ\u00e4ischen Integration einer breiten \u00d6ffentlichkeit zug\u00e4nglich machen m\u00f6chten. Der Umfang eines Beitrags sollte zwischen 4.000 und 6.000 W\u00f6rtern liegen. Umfangreichere Beitr\u00e4ge sind jedoch willkommen, sofern dies f\u00fcr die thematische Vertiefung sinnvoll erscheint. Die ISSN der in Saarbr\u00fccken erscheinenden Serie lautet 2199-0050.<\/p>\n\n\n\n<p>The Blueprints are an e-paper series primarily intended for young academics who seek to make texts on the development of European integration accessible to a wider audience. Contributions should typically range between 4,000 and 6,000 words, though longer submissions are welcome if they add value to the thematic focus. The ISSN of the series published in Saarbr\u00fccken is 2199-0050.<\/p>\n\n\n\n<p><strong>2025<\/strong><\/p>\n\n\n\n<ul class=\"wp-block-list\">\n<li><a href=\"https:\/\/jean-monnet-saar.eu\/?p=322744\">Asena Serdaroglu: From Search Engines to Large Language Models: Re-evaluating the Right to Be Forgotten in the Age of Artificial Intelligence (10\/25)<\/a><\/li>\n\n\n\n<li><a href=\"https:\/\/jean-monnet-saar.eu\/?p=322646\">Emil Knerr: Accession to the ECHR: Draft Revised Accession Agreement of 2023 (08\/25)<\/a><\/li>\n\n\n\n<li><a href=\"https:\/\/jean-monnet-saar.eu\/?p=322631\">Vasyl Lazumirskyi: Comparative Analysis of the Concepts of Torture and Inhumane Treatment in International Law: Perspectives from UN Human Rights Bodies, the European Court of Human Rights, and International Criminal Tribunals (08\/25)<\/a><br><\/li>\n\n\n\n<li><a href=\"https:\/\/jean-monnet-saar.eu\/wp-content\/uploads\/2025\/06\/Saar-Blueprint_-Clara-Isar-Ortiz-de-Urbina.pdf\">Clara Isar Ortiz de Urbina: New ECJ Case Law concerning Women\u2019s Right to Asylum \u2013 Case C 646\/21 and Joined Cases C-608\/22 and C-609\/22 (06\/25)<\/a><\/li>\n\n\n\n<li><a href=\"https:\/\/jean-monnet-saar.eu\/wp-content\/uploads\/2025\/06\/Saar-Blueprint_Julius-Schaefer.pdf\">Julius Sch\u00e4fer: New Inter-State Case Ireland v. UK regarding the Northern Ireland Troubles before the ECtHR (06\/25)<\/a><\/li>\n\n\n\n<li><a href=\"https:\/\/jean-monnet-saar.eu\/wp-content\/uploads\/2025\/06\/Saar-Blueprint_Maximilian-Dieter.pdf\">Maximilian Dieter: Mitwirkungsm\u00f6glichkeiten der deutschen L\u00e4nder bei der EU-Rechtsetzung am Beispiel des Landes Nordrhein-Westfalen (06\/25)<\/a><\/li>\n\n\n\n<li><a href=\"https:\/\/jean-monnet-saar.eu\/wp-content\/uploads\/2025\/03\/Saar-Blueprint_Anna-Kohte.pdf\">Anna Kohte: Will International Law Retain the Upper Hand? \u2013 Diplomatic Asylum and Its Legal Frameworks in Europe and Latin America: Lessons from the Cases of Julian Assange and Jorge Glas (03\/25)<\/a><\/li>\n\n\n\n<li><a href=\"https:\/\/jean-monnet-saar.eu\/wp-content\/uploads\/2025\/03\/Saar-Blueprint_Petkovic.pdf\">Bojan M. Petkovi\u0107: Strafrechtliche Verantwortlichkeit f\u00fcr Aus\u00fcbung des Begnadigungsrechts \u2013 Das EGMR-Urteil im Fall Saakashvili gegen Georgien vom 23.5.2024 (03\/25)<\/a><\/li>\n<\/ul>\n\n\n\n<p><strong>2024<\/strong><\/p>\n\n\n\n<ul class=\"wp-block-list\">\n<li><a href=\"https:\/\/jean-monnet-saar.eu\/?p=303494\">Online-Symposium: Regulation of Artificial Intelligence in Europe<\/a>\n<ul class=\"wp-block-list\">\n<li><a href=\"https:\/\/jean-monnet-saar.eu\/wp-content\/uploads\/2024\/11\/Saar-Blueprint_Sara-DArcy-Shepherd.pdf\">Sara D\u2019Arcy Shepherd: The global race to regulate Artificial Intelligence \u2013 Can the EU once again be a global standard setter? (11\/24)<\/a><\/li>\n\n\n\n<li><a href=\"https:\/\/jean-monnet-saar.eu\/wp-content\/uploads\/2024\/11\/Saar-Blueprint_Meltem-Yildirim.pdf\">Meltem Yildirim: Datenschutz und K\u00fcnstliche Intelligenz \u2013 Die Erhebung von personenbezogenen Daten durch KI-basierte Systeme (11\/24)<\/a><\/li>\n\n\n\n<li><a href=\"https:\/\/jean-monnet-saar.eu\/wp-content\/uploads\/2024\/11\/Saar-Blueprint_Mika-Schieffer.pdf\">Mika Schieffer: Generation KI \u2013 Gibt es ein Recht auf Offline sein? (11\/24)<\/a><\/li>\n\n\n\n<li><a href=\"https:\/\/jean-monnet-saar.eu\/wp-content\/uploads\/2024\/11\/Saar-Blueprint_Chunhuan-Li.pdf\">Chunhuan Li: Artificial Intelligence and Racial Profiling \u2013 Emerging Challenges for the European Court of Human Rights (11\/24)<\/a><\/li>\n\n\n\n<li><a href=\"https:\/\/jean-monnet-saar.eu\/wp-content\/uploads\/2025\/03\/Saar-Blueprint_Carolin-Vormann.pdf\">Carolin Vormann: Press and media freedom threatened by AI? (11\/24)<\/a><\/li>\n<\/ul>\n<\/li>\n<\/ul>\n\n\n\n<ul class=\"wp-block-list\">\n<li><a href=\"https:\/\/jean-monnet-saar.eu\/wp-content\/uploads\/2024\/05\/Saar-Blueprint_Annika-Blaschke.pdf\">Annika Blaschke: Dealbreaker GASP- Wie die verbundenen Rechtssachen C-29\/22 P und C-44\/22 P die Frage um den Beitritt der EU zur EMRK endg\u00fcltig entscheiden k\u00f6nnten (05\/24)<\/a> <\/li>\n\n\n\n<li><a href=\"https:\/\/jean-monnet-saar.eu\/wp-content\/uploads\/2024\/05\/Saar-Blueprint_Marie-Sophie-Freymann.pdf\">Marie-Sophie Freymann: Verbesserung der Rechtsstaatslage in Ungarn? \u2013 Die Freigabe von Mitteln aus dem Koh\u00e4sionsfonds durch die EU und ihre Bedeutung f\u00fcr die Zukunft des EU-Rechtsstaatlichkeitsmechanismus (05\/24)<\/a><\/li>\n\n\n\n<li><a href=\"https:\/\/jean-monnet-saar.eu\/wp-content\/uploads\/2024\/05\/Saar-Blueprint_Elza-Seferian.pdf\">Elza Seferian: EU Foreign Fighters in the 2022 Russo-Ukrainian War \u2013 A Glance into the Legal Protection Offered by International Humanitarian and Human Rights Law (05\/24)<\/a><\/li>\n\n\n\n<li><a href=\"https:\/\/jean-monnet-saar.eu\/wp-content\/uploads\/2024\/03\/Blueprint-Lukas-Werle-Coup-detat-in-Niger-What-Reactions-Does-International-Law-Permit.pdf\">Lukas Werle: Coup d\u2019\u00e9tat in Niger \u2013 What Reactions Does International Law Permit? (03\/24)<\/a><\/li>\n\n\n\n<li><a href=\"https:\/\/jean-monnet-saar.eu\/wp-content\/uploads\/2024\/01\/Blueprint-Edward-Love-Genocide-in-Ukraine-Present-Justiciability.pdf\">Edward Love: Genocide in Ukraine \u2013 Present Justiciability (01\/24)<\/a><\/li>\n\n\n\n<li><a href=\"https:\/\/jean-monnet-saar.eu\/wp-content\/uploads\/2024\/01\/Blueprint-Ahmet-Serhat-Acar-The-Clash-of-Religious-Feelings-and-Provocative-Speech-Recent-Strasbourg-Case-Law-on-Blasphemy-1.pdf\">Ahmet Serhat Acar &#8211; The Clash of Religious Feelings and Provocative Speech \u2013 Recent Strasbourg Case Law on Blasphemy (01\/24)<\/a><\/li>\n<\/ul>\n\n\n\n<p><strong>2023<\/strong><\/p>\n\n\n\n<ul class=\"wp-block-list\">\n<li><a href=\"https:\/\/jean-monnet-saar.eu\/wp-content\/uploads\/2023\/10\/Rudakova-Blueprint-Bearbeitet-1.pdf\" target=\"_blank\" rel=\"noopener\">Ellina Rudakova &#8211; Legal challenges of transgender and gender-diverse persons in the case-law of the European Court of Human Rights (10\/23)<\/a><\/li>\n\n\n\n<li><a href=\"https:\/\/jean-monnet-saar.eu\/wp-content\/uploads\/2023\/10\/FitzGerald-Blueprint.pdf\">Michael FitzGerald &#8211; European Global Unilateralism: Normative Foundations and Descriptive Limits in the Context of Online Speech Regulation (09\/23)<\/a><\/li>\n\n\n\n<li><a href=\"https:\/\/jean-monnet-saar.eu\/wp-content\/uploads\/2023\/05\/Blueprint-Merle-2023.pdf\">Merle Arndt &#8211; \u00c4nderung der Zust\u00e4ndigkeiten im Vorabentscheidungsverfahren &#8211; eine Bedrohung f\u00fcr das Herzst\u00fcck der Rechtsunion? (05\/23)<\/a><\/li>\n\n\n\n<li><a href=\"https:\/\/jean-monnet-saar.eu\/wp-content\/uploads\/2023\/03\/Weisgerber_Blueprint.pdf\">Philipp Weisgerber &#8211; Artikel 8 EMRK: Vom Schutz des Privatlebens hin zur allgemeinen Handlungsfreiheit? (03\/23)<\/a><\/li>\n<\/ul>\n\n\n\n<p><strong>2022<\/strong><\/p>\n\n\n\n<ul class=\"wp-block-list\">\n<li><a href=\"https:\/\/jean-monnet-saar.eu\/wp-content\/uploads\/2022\/12\/Grenzkontrollen_Covid_2022.pdf\">Nadja Guida &#8211; Vereinbarkeit deutscher Einreisebeschr\u00e4nkungen und Grenzkontrollen anl\u00e4sslich der Corona-Pandemie mit dem Unionsrecht (12\/22)&nbsp;<\/a><\/li>\n\n\n\n<li><a href=\"https:\/\/jean-monnet-saar.eu\/wp-content\/uploads\/2022\/08\/Summary-and-Overview-of-the-DSA-draft-revised-02.08.22.pdf\">Diell\u00ebza Gashi &#8211; Summary and Overview of the EU Digital Services Act (Draft) (08\/22)<\/a><\/li>\n\n\n\n<li><a href=\"https:\/\/jean-monnet-saar.eu\/wp-content\/uploads\/2022\/08\/Blueprint_Dubreuil.pdf\">Maxime Dubreuil &#8211; Rule of Law in Romania and the Primacy of EU Law according to the CJEU Judgment of 21. Dec. 2021 (08\/22)<\/a><\/li>\n\n\n\n<li><a href=\"https:\/\/jean-monnet-saar.eu\/wp-content\/uploads\/2022\/07\/Blue-Print-Marola-Masterarbeit.pdf\">Giacomo Marola &#8211; Horizontality of EU fundamental rights: Evolving jurisprudence of the European Court of Justice (07\/22)<\/a><\/li>\n\n\n\n<li><a href=\"https:\/\/jean-monnet-saar.eu\/wp-content\/uploads\/2022\/06\/Blue-Print_Belortaja.pdf\">Boris Belortaja &#8211; The Interaction Between the Fundamental Market Freedoms and Fundamental Rights in the Proportionality Review of the Court of Justice of the European Union (06\/22)<\/a><\/li>\n<\/ul>\n\n\n\n<p><strong>2021<\/strong><\/p>\n\n\n\n<ul class=\"wp-block-list\">\n<li><a href=\"https:\/\/jean-monnet-saar.eu\/wp-content\/uploads\/2021\/10\/Luis_Hott_Konditionalitaetsverordnung.pdf\">Luis Hott &#8211;&nbsp;<span style=\"font-size: Revert;\">Der neue Konditionalit\u00e4tsmechanismus \u2013&nbsp;<\/span><span style=\"font-size: Revert;\">ein scharfes Schwert? (10\/21)<\/span><\/a><\/li>\n\n\n\n<li><a href=\"https:\/\/jean-monnet-saar.eu\/wp-content\/uploads\/2021\/07\/Marolas-Paper.pdf\">Giacomo Marola &#8211; Relying on International and European Economic Law to sanction illiberal trends in Hungary: the ECJ judgements C-78\/18 and C-66\/18 (07\/21)<\/a><\/li>\n\n\n\n<li><a href=\"https:\/\/jean-monnet-saar.eu\/wp-content\/uploads\/2021\/06\/Owers-Thesis-Saar-Blueprint.pdf\">Rebecca Owers &#8211; Where do we find the key to lock them away? &#8211; The right to detain in non-international armed conflict (06\/21)<\/a><\/li>\n\n\n\n<li><a href=\"https:\/\/jean-monnet-saar.eu\/wp-content\/uploads\/2021\/03\/Menschenrechte-und-Antidiskriminierung.pdf\">Merle Arndt, Annika Blaschke, Thomas Giegerich &amp; Nana Pazmann &#8211; Menschenrechte und Antidiskriminierung (03\/21)<\/a><\/li>\n<\/ul>\n\n\n\n<p><strong>2020<\/strong><\/p>\n\n\n\n<ul class=\"wp-block-list\">\n<li><a href=\"https:\/\/jean-monnet-saar.eu\/wp-content\/uploads\/2020\/12\/Menschenrechte_Leitfaden_2020-1.pdf\">Merle Arndt, Annika Blaschke, Thomas Giegerich &amp; Nana Pazmann &#8211; Menschenrechte und Antidiskriminierung, Ein Leitfaden f\u00fcr Schulen (12\/2020)<\/a><\/li>\n\n\n\n<li><a href=\"https:\/\/jean-monnet-saar.eu\/wp-content\/uploads\/2020\/11\/Watrin_DomesticViolence_2020.pdf\">Nara Neiva Watrin &#8211; Effectiveness of International Human Rights Law in Protecting Women against Domestic Violence, Comparison of Global and Regional Mechanisms (11\/20)<\/a><\/li>\n\n\n\n<li><a href=\"https:\/\/jean-monnet-saar.eu\/wp-content\/uploads\/2020\/10\/200918_DIETER_Thesis_saarblog_neu.pdf\">Maximilian Dieter &#8211; The European Union and the Nuclear Deal with Iran (9\/20)<\/a><\/li>\n\n\n\n<li><a href=\"https:\/\/jean-monnet-saar.eu\/wp-content\/uploads\/2020\/09\/Immunity-of-acting-and-former-heads-of-state-from-national-and-international-criminal-courts.pdf\">Irene Salgado Doval &#8211; The immunity of acting and former heads of State from national and international criminal Courts (09\/20)<\/a><\/li>\n\n\n\n<li><a href=\"https:\/\/jean-monnet-saar.eu\/wp-content\/uploads\/2020\/08\/Joya_Rodriguez_UN.pdf\">Mar\u00eda Joya Rodr\u00edguez &#8211; Responsibility for Violations of Human Rights and International Humanitarian Law by United Nations Peacekeeping Forces (08\/20)<\/a><\/li>\n\n\n\n<li><a href=\"https:\/\/jean-monnet-saar.eu\/wp-content\/uploads\/2020\/07\/Yunzhi-Huang_MNCs-and-the-HRtW-1.pdf\">Yunzhi Huang &#8211; Multinational Corporations and the Human Right to Water (07\/20)<\/a><\/li>\n\n\n\n<li><a href=\"https:\/\/jean-monnet-saar.eu\/wp-content\/uploads\/2020\/05\/SHALIK_Solidarity-missing-ingredient-EU.pdf\">Islam Shalik &#8211; Solidarity: the missing ingredient to a successful European integration? (05\/20)<\/a><\/li>\n<\/ul>\n\n\n\n<p><strong>2019<\/strong><\/p>\n\n\n\n<ul class=\"wp-block-list\">\n<li><a href=\"https:\/\/jean-monnet-saar.eu\/wp-content\/uploads\/2019\/11\/Blueprint-Yalcin.pdf\">Berfu Yalcin &#8211; Sexual Orientation Change Efforts and Their Compatibility With International and European Human Rights Protection a Comparative Law Approach (11\/19)<\/a><\/li>\n\n\n\n<li><a href=\"https:\/\/jean-monnet-saar.eu\/wp-content\/uploads\/2019\/05\/HRtWNEU_NEU.pdf\">Yunzhi Huang &#8211; The Human Right to Water (05\/19)<\/a><\/li>\n\n\n\n<li><a href=\"https:\/\/jean-monnet-saar.eu\/wp-content\/uploads\/2019\/05\/Khemet_Komplett.pdf\">Isoke Khemet &#8211; Proposal for a Directive on Copyright in the Digital Single Market: Article 13&#8217;s Impact on Freedom of Expression (05\/19)<\/a><\/li>\n<\/ul>\n\n\n\n<p><strong>2018<\/strong><\/p>\n\n\n\n<ul class=\"wp-block-list\">\n<li><a href=\"https:\/\/jean-monnet-saar.eu\/wp-content\/uploads\/2018\/02\/Diehl_Ehefueralle_gesamt.pdf\">Michelle Diehl &#8211; \u00d6ffnung der Ehe f\u00fcr gleichgeschlechtliche Paare: Aus Gleichheitsgr\u00fcnden geboten oder&nbsp; zum Schutz der traditionellen Ehe verboten? (02\/18)<\/a><\/li>\n<\/ul>\n\n\n\n<p><strong>2017<\/strong><\/p>\n\n\n\n<ul class=\"wp-block-list\">\n<li><a href=\"https:\/\/jean-monnet-saar.eu\/wp-content\/uploads\/2013\/12\/Blueprint_Dennis-Traudt_final.pdf\">Dennis Traudt &#8211; Gibt es im EU-Recht ein Verfassungsprinzip der V\u00f6lkerrechtsfreundlichkeit? (10\/17)<\/a><\/li>\n\n\n\n<li><a href=\"https:\/\/jean-monnet-saar.eu\/wp-content\/uploads\/2013\/12\/Blueprint-Update-Michael-Schuberth.pdf\">Michael Schuberth &#8211; Update: Schlussantr\u00e4ge des Generalanwaltes im Rahmen der Nichtigkeitsklagen der Slowakei und Ungarns gegen die Notfallumsiedlung von Fl\u00fcchtlingen aus Griechenland und Italien sind gestellt (08\/17)<\/a><\/li>\n\n\n\n<li><a href=\"https:\/\/jean-monnet-saar.eu\/wp-content\/uploads\/2017\/05\/Lithuania-Blueprint_Karoline-Schmidt.pdf\">Karoline Schmidt &#8211; How to Combat Information Warfare in the&nbsp; Post-Truth Age (05\/17)<\/a><\/li>\n\n\n\n<li><a href=\"https:\/\/jean-monnet-saar.eu\/wp-content\/uploads\/2013\/12\/Fischer-Brexit-final.pdf\">Lyn Paula Fischer &#8211; Ausgew\u00e4hlte Rechtsfragen des Brexit (03\/17)<\/a><\/li>\n\n\n\n<li><a href=\"https:\/\/jean-monnet-saar.eu\/wp-content\/uploads\/2013\/12\/Weisgerber_Blueprint.pdf\">Philipp Weisgerber &#8211; CETA und TTIP: Abschluss als gemischte Abkommen und Entscheidung \u00fcber die vorl\u00e4ufige Anwendung (02\/17)<\/a><\/li>\n\n\n\n<li><a href=\"https:\/\/jean-monnet-saar.eu\/wp-content\/uploads\/2013\/12\/Lind-Saarblueprints.pdf\">Franziska Lind &#8211; Unionsrechtliche Zul\u00e4ssigkeit von Investor-Staat-Schiedsgerichtsverfahren in BITs zwischen zwei Mitgliedstaaten: BGH-Vorlage an den EuGH (02\/17)<\/a><\/li>\n\n\n\n<li><a href=\"https:\/\/jean-monnet-saar.eu\/wp-content\/uploads\/2013\/12\/Biehl_Blueprint_Final.pdf\">Simon Biehl &#8211; Extraterritoriale Anwendbarkeit der EMRK im bewaffneten Konflikt: Al-Saadoon &amp; Ors. v. Secretary of State for Defense im Vereinigten K\u00f6nigreich (02\/17)<\/a><\/li>\n<\/ul>\n\n\n\n<p><strong>2016<\/strong><\/p>\n\n\n\n<ul class=\"wp-block-list\">\n<li><a href=\"https:\/\/jean-monnet-saar.eu\/wp-content\/uploads\/2013\/12\/Bankbook-Bodies_FINAL.pdf\">Pascale Mayer &#8211; Bankbook Bodies: The Billion Dollar Business with Organ Trade \u2013 The Development of International Legal Measures and the Effectiveness in Curtailing the Black Market (12\/16)<\/a><\/li>\n\n\n\n<li><a href=\"https:\/\/jean-monnet-saar.eu\/wp-content\/uploads\/2013\/12\/Schuberth_final-1.pdf\">Michael Schuberth &#8211; Die Nichtigkeitsklagen der Slowakei und Ungarns gegen die Notfallumsiedlung aus Italien und Griechenland \u2013 Eine rechtliche Er\u00f6rterung der EuGH-Rechtssachen C-643\/15 und C-647\/15 (11\/16)<\/a><\/li>\n\n\n\n<li><a href=\"https:\/\/jean-monnet-saar.eu\/wp-content\/uploads\/2013\/12\/Petropoulos-Blueprint.pdf\">Eleftherios Petropoulos &#8211; Die Europ\u00e4ische B\u00fcrgerinitiative im paneurop\u00e4ischen Kontext: Wo steht die direkte Demokratie in der EU im Vergleich zu ihren Mitgliedstaaten? (11\/16)<\/a><\/li>\n\n\n\n<li><a href=\"https:\/\/jean-monnet-saar.eu\/wp-content\/uploads\/2013\/12\/Blueprint-Layla.pdf\">Layla Kristina Jaber &#8211; Die Entscheidung der Gro\u00dfen Kammer in der Rechtssache Al-Dulimi \u2013 eine Gefahr f\u00fcr die Einheit des V\u00f6lkerrechts oder ein Sieg f\u00fcr den Schutz der Grund- und Menschenrechte? (10\/16)<\/a><\/li>\n\n\n\n<li><a href=\"https:\/\/jean-monnet-saar.eu\/wp-content\/uploads\/2013\/12\/Blueprint-0216.pdf\">Derya Nur Kayacan &#8211; How to Resolve Conflicts Between Fundamental Constitutional Rights (02\/16)<\/a><\/li>\n\n\n\n<li><a href=\"https:\/\/jean-monnet-saar.eu\/wp-content\/uploads\/2013\/12\/Blueprint-Fluechtlingsschutz-EU.pdf\">Desir\u00e9e Schmitt &#8211; Reaktionen der EU auf das starke Ansteigen des Fl\u00fcchtlingszustroms seit April 2015 &#8211; Eine zeitliche Darstellung (02\/16)<\/a><\/li>\n<\/ul>\n\n\n\n<p><strong>2015<\/strong><\/p>\n\n\n\n<ul class=\"wp-block-list\">\n<li><a href=\"https:\/\/jean-monnet-saar.eu\/wp-content\/uploads\/2013\/12\/Artikel-Facebook-Posts.pdf\">Karoline Schmidt &#8211; Hassreden auf Facebook \u2013 Wie weit geht die Meinungsfreiheit? (11\/15)<\/a><\/li>\n\n\n\n<li><a href=\"https:\/\/jean-monnet-saar.eu\/wp-content\/uploads\/2013\/12\/The-regulation-of-Technology-in-the-European-Union-and-beyond_EN.pdf\" target=\"_blank\" rel=\"noopener noreferrer\">Oskar Josef Gstrein &#8211; Regulation of Technology in the European Union and beyond (10\/15)<\/a><\/li>\n\n\n\n<li><a href=\"https:\/\/jean-monnet-saar.eu\/wp-content\/uploads\/2013\/12\/Proposals-for-a-future-European-State-Bankruptcy-law.pdf\">Kanad Bagchi &#8211; Proposals for a future European State Bankruptcy law (05\/15)<\/a><\/li>\n\n\n\n<li><a href=\"https:\/\/jean-monnet-saar.eu\/wp-content\/uploads\/2013\/12\/Bioethics_EN.pdf\">Richard Hamran &#8211; Overview of the Bioethics Convention and its protocols (03\/15)<\/a><\/li>\n<\/ul>\n\n\n\n<p><strong>2014<\/strong><\/p>\n\n\n\n<ul class=\"wp-block-list\">\n<li><a href=\"https:\/\/jean-monnet-saar.eu\/wp-content\/uploads\/2014\/06\/EU_Reident_MR.pdf\">Oskar Josef Gstrein &#8211; The European Union and its Reidentification as a Guardian of human rights (01\/14)<\/a><\/li>\n<\/ul>\n\n\n\n<p><strong>2013<\/strong><\/p>\n\n\n\n<ul class=\"wp-block-list\">\n<li><a href=\"https:\/\/jean-monnet-saar.eu\/wp-content\/uploads\/2013\/12\/10_10_13_NPEU_gstrein_harvey.pdf\">Oskar Josef Gstrein &amp; Darren Harvey &#8211; The Role of National Parliaments in the EU \u2013 Written Evidence for the UK House of Lords Inquiry (10\/13)<\/a><\/li>\n<\/ul>\n\n\n\n<p><\/p>\n","protected":false},"excerpt":{"rendered":"<p>Bei den Blueprints handelt es sich um eine E-Paper-Serie, welche sich in erster Linie an den wissenschaftlichen Nachwuchs richtet, die Texte zur Entwicklung der Europ\u00e4ischen<\/p>\n","protected":false},"author":16,"featured_media":0,"parent":0,"menu_order":0,"comment_status":"closed","ping_status":"closed","template":"","meta":{"footnotes":""},"class_list":["post-67","page","type-page","status-publish","hentry"],"_links":{"self":[{"href":"https:\/\/jean-monnet-saar.eu\/index.php?rest_route=\/wp\/v2\/pages\/67","targetHints":{"allow":["GET"]}}],"collection":[{"href":"https:\/\/jean-monnet-saar.eu\/index.php?rest_route=\/wp\/v2\/pages"}],"about":[{"href":"https:\/\/jean-monnet-saar.eu\/index.php?rest_route=\/wp\/v2\/types\/page"}],"author":[{"embeddable":true,"href":"https:\/\/jean-monnet-saar.eu\/index.php?rest_route=\/wp\/v2\/users\/16"}],"replies":[{"embeddable":true,"href":"https:\/\/jean-monnet-saar.eu\/index.php?rest_route=%2Fwp%2Fv2%2Fcomments&post=67"}],"version-history":[{"count":8,"href":"https:\/\/jean-monnet-saar.eu\/index.php?rest_route=\/wp\/v2\/pages\/67\/revisions"}],"predecessor-version":[{"id":322758,"href":"https:\/\/jean-monnet-saar.eu\/index.php?rest_route=\/wp\/v2\/pages\/67\/revisions\/322758"}],"wp:attachment":[{"href":"https:\/\/jean-monnet-saar.eu\/index.php?rest_route=%2Fwp%2Fv2%2Fmedia&parent=67"}],"curies":[{"name":"wp","href":"https:\/\/api.w.org\/{rel}","templated":true}]}}